90560 is divided by 5438.
5428
Calculate the remainder when 3907476 is divided by 48240.
36
Calculate the remainder when 114106 is divided by 14229.
274
Calculate the remainder when 80823 is divided by 80146.
677
What is the remainder when 69558 is divided by 552?
6
What is the remainder when 22424 is divided by 21509?
915
What is the remainder when 122716880 is divided by 63?
62
What is the remainder when 125888343 is divided by 43?
38
What is the remainder when 10770164 is divided by 29?
28
What is the remainder when 199266833 is divided by 1692?
1685
Calculate the remainder when 17243207 is divided by 3448639.
12
Calculate the remainder when 117900 is divided by 12872.
2052
What is the remainder when 35760269 is divided by 5847?
17
What is the remainder when 260175 is divided by 1075?
25
What is the remainder when 6733941 is divided by 38?
37
Calculate the remainder when 49869253 is divided by 19.
10
Calculate the remainder when 3179014 is divided by 77.
69
Calculate the remainder when 21671453 is divided by 148.
109
What is the remainder when 13862313 is divided by 6931148?
17
What is the remainder when 84974 is divided by 4386?
1640
Calculate the remainder when 247507 is divided by 13026.
13
What is the remainder when 153983333 is divided by 104?
101
What is the remainder when 6669 is divided by 547?
105
What is the remainder when 1603332 is divided by 1335?
1332
What is the remainder when 1693808 is divided by 564567?
107
What is the remainder when 1742071 is divided by 1405?
1276
Calculate the remainder when 7486584 is divided by 35148.
60
What is the remainder when 237411647 is divided by 1805?
1802
What is the remainder when 5851037 is divided by 411?
41
What is the remainder when 72027 is divided by 36007?
13
Calculate the remainder when 1416486 is divided by 707790.
906
What is the remainder when 50038 is divided by 1344?
310
What is the remainder when 604915 is divided by 201362?
829
What is the remainder when 38430 is divided by 2705?
560
Calculate the remainder when 4739241 is divided by 71.
62
Calculate the remainder when 22380 is divided by 2815.
2675
What is the remainder when 52873179 is divided by 20?
19
Calculate the remainder when 3625320 is divided by 703.
652
Calculate the remainder when 1035250 is divided by 857.
851
What is the remainder when 6205767 is divided by 2313?
2301
What is the remainder when 25572 is divided by 24904?
668
What is the remainder when 115264300 is divided by 117?
112
Calculate the remainder when 192999 is divided by 156.
27
Calculate the remainder when 347865175 is divided by 885.
880
What is the remainder when 30585526 is divided by 10194994?
544
Calculate the remainder when 5317231 is divided by 7808.
7791
What is the remainder when 15216 is divided by 14?
12
What is the remainder when 141490 is divided by 570?
130
What is the remainder when 1566915 is divided by 191?
142
What is the remainder when 36373 is divided by 6696?
2893
Calculate the remainder when 4838682 is divided by 278.
92
What is the remainder when 11373 is divided by 3279?
1536
Calculate the remainder when 6154662 is divided by 7215.
267
What is the remainder when 1365412 is divided by 9?
4
Calculate the remainder when 34235993 is divided by 221.
220
What is the remainder when 1725109116 is divided by 28?
24
Calculate the remainder when 3029921 is divided by 614.
445
What is the remainder when 987854 is divided by 398?
18
Calculate the remainder when 12372827 is divided by 22.
5
What is the remainder when 666494 is divided by 543?
233
Calculate the remainder when 13829162 is divided by 42.
32
What is the remainder when 737064 is divided by 412?
408
What is the remainder when 7587794 is divided by 1132?
1130
What is the remainder when 1041414 is divided by 2861?
10
Calculate the remainder when 8168104 is divided by 2236.
2232
What is the remainder when 20521149 is divided by 3005?
4
What is the remainder when 240911951 is divided by 32?
15
Calculate the remainder when 1003895 is divided by 8963.
39
What is the remainder when 480521 is divided by 1596?
125
Calculate the remainder when 1565990 is divided by 156597.
20
Calculate the remainder when 17549153 is divided by 186693.
11
Calculate the remainder when 19580297 is divided by 934.
855
Calculate the remainder when 56596346 is divided by 10.
6
What is the remainder when 121401589 is divided by 3832?
3829
What is the remainder when 597349 is divided by 2004?
157
Calculate the remainder when 5623067 is divided by 511177.
120
Calculate the remainder when 39290 is divided by 3112.
1946
What is the remainder when 148138 is divided by 2117?
2065
Calculate the remainder when 58722140 is divided by 32.
28
Calculate the remainder when 606213 is divided by 202064.
21
Calculate the remainder when 666288 is divided by 13870.
528
Calculate the remainder when 747680 is divided by 93325.
1080
What is the remainder when 69704119 is divided by 67?
66
Calculate the remainder when 3182192 is divided by 167.
7
Calculate the remainder when 162984 is divided by 616.
360
What is the remainder when 335468 is divided by 1865?
1633
Calculate the remainder when 9598 is divided by 3889.
1820
Calculate the remainder when 3258281 is divided by 543029.
107
Calculate the remainder when 1366595 is divided by 18221.
20
Calculate the remainder when 216191 is divided by 504.
479
What is the remainder when 10426165 is divided by 62?
59
What is the remainder when 7368280 is divided by 53783?
9
What is the remainder when 143985 is divided by 143837?
148
What is the remainder when 1917072837 is divided by 59?
56
What is the remainder when 128209 is divided by 128146?
63
What is the remainder when 57819 is divided by 5484?
2979
What is the remainder when 1857859 is divided by 241?
231
What is the remainder when 1476288 is divided by 20504?
0
What is the remainder when 1577380 is divided by 525773?
61
Calculate the remainder when 12283164 is divided by 239.
237
Calculate the remainder when 4322198 is divided by 17.
16
Calculate the remainder when 8144619 is divided by 8144606.
13
Calculate the remainder when 53234 is divided by 26288.
658
What is the remainder when 5737365 is divided by 131?
89
Calculate the remainder when 594888 is divided by 592513.
2375
Calculate the remainder when 11652785 is divided by 13.
1
What is the remainder when 97209 is divided by 12150?
9
Calculate the remainder when 651024 is divided by 10.
4
What is the remainder when 1025645 is divided by 178?
9
What is the remainder when 252473 is divided by 18657?
9932
What is the remainder when 495041 is divided by 507?
209
What is the remainder when 2014003 is divided by 268?
251
Calculate the remainder when 111795 is divided by 39.
21
Calculate the remainder when 209668 is divided by 1923.
61
Calculate the remainder when 593478 is divided by 2505.
2298
What is the remainder when 1120468 is divided by 1027?
11
What is the remainder when 1066846 is divided by 124?
74
What is the remainder when 721856 is divided by 539?
135
What is the remainder when 424962 is divided by 18347?
2981
Calculate the remainder when 43761813 is divided by 168.
165
Calculate the remainder when 484991 is divided by 26.
13
Calculate the remainder when 21581471 is divided by 15.
11
Calculate the remainder when 4498262 is divided by 60.
2
What is the remainder when 276983293 is divided by 18?
13
Calculate the remainder when 37482823 is divided by 46.
45
Calculate the remainder when 3036439 is divided by 1899.
1837
Calculate the remainder when 5112377 is divided by 405.
62
What is the remainder when 8405 is divided by 3153?
2099
What is the remainder when 3583047 is divided by 33802?
35
Calculate the remainder when 718088 is divided by 11398.
14
What is the remainder when 20352325 is divided by 1363?
9
What is the remainder when 4544241 is divided by 438?
429
What is the remainder when 370536032 is divided by 2744?
2736
Calculate the remainder when 4161033 is divided by 25527.
132
Calculate the remainder when 2638340 is divided by 69430.
0
What is the remainder when 414872 is divided by 5820?
1652
What is the remainder when 17513954 is divided by 5837807?
533
What is the remainder when 3861398 is divided by 3861393?
5
Calculate the remainder when 1888577 is divided by 56.
3